{"id":23,"date":"2024-01-20T10:26:09","date_gmt":"2024-01-20T09:26:09","guid":{"rendered":"http:\/\/m-l-services.fr\/?page_id=23"},"modified":"2026-01-30T18:57:22","modified_gmt":"2026-01-30T17:57:22","slug":"acceuil","status":"publish","type":"page","link":"https:\/\/m-l-services.fr\/","title":{"rendered":""},"content":{"rendered":"\n<div style=\"height:49px\" aria-hidden=\"true\" class=\"wp-block-spacer\"><\/div>\n\n\n\n<h1 class=\"wp-block-heading\">Expert en Maintenance d&#8217;\u00c9quipements de Manutention et de Levage<\/h1>\n\n\n\n<div style=\"height:54px\" aria-hidden=\"true\" class=\"wp-block-spacer\"><\/div>\n\n\n\n<p>Avec plus de 15 ans d&#8217;exp\u00e9rience dans le domaine de la maintenance, dont une d\u00e9cennie d\u00e9di\u00e9e aux grandes marques telles que TOYOTA et MANITOU, je vous offre un service de haute qualit\u00e9 pour tous vos besoins en entretien et r\u00e9paration. Ma formation solide et polyvalente couvre une vaste gamme d&#8217;\u00e9quipements, y compris les chariots frontaux, les chariots r\u00e9tractables, les nacelles, les gerbeurs, et bien d&#8217;autres.<\/p>\n\n\n\n<div style=\"height:42px\" aria-hidden=\"true\" class=\"wp-block-spacer\"><\/div>\n\n\n\n<div class=\"wp-block-columns is-layout-flex wp-container-core-columns-is-layout-9d6595d7 wp-block-columns-is-layout-flex\">\n<div class=\"wp-block-column is-layout-flow wp-block-column-is-layout-flow\">\n<p class=\"has-text-align-center has-x-large-font-size\"><strong>\u2699\ufe0f<\/strong><\/p>\n\n\n\n<h3 class=\"wp-block-heading has-text-align-center has-black-color has-text-color has-link-color wp-elements-d40e498d4c57ef4dd3b842b573f4cb38\">Pi\u00e8ces d\u00e9tach\u00e9es<\/h3>\n\n\n\n<p class=\"has-text-align-center\">Vente de pi\u00e8ces d\u00e9tach\u00e9es pour mat\u00e9riel de manutention, levage et BTP. Stock disponible, livraison rapide, pi\u00e8ces d\u2019origine ou compatibles.<\/p>\n<\/div>\n\n\n\n<div class=\"wp-block-column is-layout-flow wp-block-column-is-layout-flow\">\n<p class=\"has-text-align-center has-x-large-font-size\">\ud83d\ude9c<\/p>\n\n\n\n<h3 class=\"wp-block-heading has-text-align-center has-black-color has-text-color has-link-color wp-elements-961ec91ca641d1340a8acdf120759e99\">Ventes de Mat\u00e9riel<\/h3>\n\n\n\n<p class=\"has-text-align-center\">Vente de mat\u00e9riel neuf et d\u2019occasion pour professionnels : manutention, levage et BTP. Service rapide et \u00e0 l&#8217;\u00e9coute.<\/p>\n<\/div>\n\n\n\n<div class=\"wp-block-column is-layout-flow wp-block-column-is-layout-flow\">\n<p class=\"has-text-align-center has-x-large-font-size\">\ud83d\udee1\ufe0f<\/p>\n\n\n\n<h3 class=\"wp-block-heading has-text-align-center has-black-color has-text-color has-link-color wp-elements-db0757f051d204fdbbf305df9fad987a\">SAV<\/h3>\n\n\n\n<p class=\"has-text-align-center\">Service apr\u00e8s-vente r\u00e9actif pour mat\u00e9riel de manutention, levage et BTP. R\u00e9parations, conseils et assistance technique par M&amp;L Services.<\/p>\n<\/div>\n<\/div>\n\n\n\n<div style=\"height:55px\" aria-hidden=\"true\" class=\"wp-block-spacer\"><\/div>\n\n\n\n<h3 class=\"wp-block-heading has-black-color has-text-color has-link-color wp-elements-dbdb071637a0589c0588cf01058a0166\"><\/h3>\n\n\n\n<div style=\"height:37px\" aria-hidden=\"true\" class=\"wp-block-spacer\"><\/div>\n\n\n\n<div class=\"wp-block-columns is-layout-flex wp-container-core-columns-is-layout-9d6595d7 wp-block-columns-is-layout-flex\">\n<div class=\"wp-block-column is-layout-flow wp-block-column-is-layout-flow\" style=\"flex-basis:33.33%\">\n<figure class=\"wp-block-image size-large\"><img loading=\"lazy\" decoding=\"async\" width=\"1024\" height=\"980\" src=\"http:\/\/m-l-services.fr\/wp-content\/uploads\/2025\/07\/ML-services-1024x980.jpg\" alt=\"Maintenance et r\u00e9paration 72\" class=\"wp-image-355\" srcset=\"https:\/\/m-l-services.fr\/wp-content\/uploads\/2025\/07\/ML-services-1024x980.jpg 1024w, https:\/\/m-l-services.fr\/wp-content\/uploads\/2025\/07\/ML-services-300x287.jpg 300w, https:\/\/m-l-services.fr\/wp-content\/uploads\/2025\/07\/ML-services-768x735.jpg 768w, https:\/\/m-l-services.fr\/wp-content\/uploads\/2025\/07\/ML-services-1536x1470.jpg 1536w, https:\/\/m-l-services.fr\/wp-content\/uploads\/2025\/07\/ML-services-2048x1961.jpg 2048w\" sizes=\"auto, (max-width: 1024px) 100vw, 1024px\" \/><\/figure>\n<\/div>\n\n\n\n<div class=\"wp-block-column is-layout-flow wp-block-column-is-layout-flow\" style=\"flex-basis:66.66%\">\n<h3 class=\"wp-block-heading has-black-color has-text-color has-link-color wp-elements-65bba7cb2c150617b1d0799677b076e6\">Comp\u00e9tences en Maintenance et R\u00e9paration<\/h3>\n\n\n\n<p>Mes comp\u00e9tences incluent les aspects thermiques (gaz, diesel), ainsi que les composants \u00e9lectriques et hydrauliques. Que ce soit pour la maintenance pr\u00e9ventive ou la r\u00e9paration, je suis disponible pour intervenir sur tous vos engins de manutention ou de levage, quelle que soit leur marque, dans les r\u00e9gions de la Sarthe et du Perche (Le Mans, Alen\u00e7on, La Fert\u00e9-Bernard, etc.).<\/p>\n\n\n\n<div style=\"height:34px\" aria-hidden=\"true\" class=\"wp-block-spacer\"><\/div>\n\n\n\n<h3 class=\"wp-block-heading has-black-color has-text-color has-link-color wp-elements-70fc795ec04dd3b81b16bd5cd9d41b05\">Les Valeurs ML Services<\/h3>\n\n\n\n<div class=\"wp-block-group is-nowrap is-layout-flex wp-container-core-group-is-layout-ad2f72ca wp-block-group-is-layout-flex\">\n<p>ML Services se distingue par la r\u00e9activit\u00e9, le professionnalisme, le efficacit\u00e9, le organisation et la ma\u00eetrise technique. Ces qualit\u00e9s font de ML services le partenaire de confiance pour tous vos besoins en maintenance d&#8217;\u00e9quipements de manutention, levage et BTP.<\/p>\n<\/div>\n\n\n\n<p>Pour des services fiables et de qualit\u00e9, contactez-nous pour discuter de vos besoins en maintenance et r\u00e9paration dans la Sarthe et le Perche (Le Mans, Alen\u00e7on, La Fert\u00e9-Bernard, etc.).<\/p>\n<\/div>\n<\/div>\n\n\n\n<div class=\"wp-block-columns is-layout-flex wp-container-core-columns-is-layout-9d6595d7 wp-block-columns-is-layout-flex\">\n<div class=\"wp-block-column is-layout-flow wp-block-column-is-layout-flow\"><\/div>\n\n\n\n<div class=\"wp-block-column is-layout-flow wp-block-column-is-layout-flow\"><\/div>\n<\/div>\n\n\n\n<p><\/p>\n","protected":false},"excerpt":{"rendered":"<p>Expert en Maintenance d&#8217;\u00c9quipements de Manutention et de Levage Avec plus de 15 ans d&#8217;exp\u00e9rience dans le domaine de la maintenance, dont une d\u00e9cennie d\u00e9di\u00e9e aux grandes marques telles que TOYOTA et MANITOU, je vous offre un service de haute qualit\u00e9 pour tous vos besoins en entretien et r\u00e9paration. Ma formation solide et polyvalente couvre [&hellip;]<\/p>\n","protected":false},"author":2,"featured_media":0,"parent":0,"menu_order":0,"comment_status":"closed","ping_status":"closed","template":"page-template\/custom-home-page.php","meta":{"footnotes":""},"class_list":["post-23","page","type-page","status-publish","hentry"],"yoast_head":"<!-- This site is optimized with the Yoast SEO plugin v22.8 - https:\/\/yoast.com\/wordpress\/plugins\/seo\/ -->\n<title>Maintenance &amp; R\u00e9paration Manutention BTP en Sarthe (72) | MLServices<\/title>\n<meta name=\"description\" content=\"Vente, r\u00e9paration et location de mat\u00e9riel professionnel BTP, manutention, nettoyage et outillage en Sarthe. ML Services : expertise, service rapide.\" \/>\n<meta name=\"robots\" content=\"index, follow, max-snippet:-1, max-image-preview:large, max-video-preview:-1\" \/>\n<link rel=\"canonical\" href=\"https:\/\/m-l-services.fr\/\" \/>\n<meta property=\"og:locale\" content=\"en_US\" \/>\n<meta property=\"og:type\" content=\"article\" \/>\n<meta property=\"og:title\" content=\"Maintenance &amp; R\u00e9paration Manutention BTP en Sarthe (72) | MLServices\" \/>\n<meta property=\"og:description\" content=\"Vente, r\u00e9paration et location de mat\u00e9riel professionnel BTP, manutention, nettoyage et outillage en Sarthe. ML Services : expertise, service rapide.\" \/>\n<meta property=\"og:url\" content=\"https:\/\/m-l-services.fr\/\" \/>\n<meta property=\"og:site_name\" content=\"MLServices\" \/>\n<meta property=\"article:modified_time\" content=\"2026-01-30T17:57:22+00:00\" \/>\n<meta property=\"og:image\" content=\"http:\/\/m-l-services.fr\/wp-content\/uploads\/2025\/07\/ML-services-1024x980.jpg\" \/>\n<meta name=\"twitter:card\" content=\"summary_large_image\" \/>\n<meta name=\"twitter:label1\" content=\"Est. reading time\" \/>\n\t<meta name=\"twitter:data1\" content=\"2 minutes\" \/>\n<script type=\"application\/ld+json\" class=\"yoast-schema-graph\">{\"@context\":\"https:\/\/schema.org\",\"@graph\":[{\"@type\":\"WebPage\",\"@id\":\"https:\/\/m-l-services.fr\/\",\"url\":\"https:\/\/m-l-services.fr\/\",\"name\":\"Maintenance & R\u00e9paration Manutention BTP en Sarthe (72) | MLServices\",\"isPartOf\":{\"@id\":\"http:\/\/m-l-services.fr\/#website\"},\"primaryImageOfPage\":{\"@id\":\"https:\/\/m-l-services.fr\/#primaryimage\"},\"image\":{\"@id\":\"https:\/\/m-l-services.fr\/#primaryimage\"},\"thumbnailUrl\":\"http:\/\/m-l-services.fr\/wp-content\/uploads\/2025\/07\/ML-services-1024x980.jpg\",\"datePublished\":\"2024-01-20T09:26:09+00:00\",\"dateModified\":\"2026-01-30T17:57:22+00:00\",\"description\":\"Vente, r\u00e9paration et location de mat\u00e9riel professionnel BTP, manutention, nettoyage et outillage en Sarthe. ML Services : expertise, service rapide.\",\"inLanguage\":\"en-US\",\"potentialAction\":[{\"@type\":\"ReadAction\",\"target\":[\"https:\/\/m-l-services.fr\/\"]}]},{\"@type\":\"ImageObject\",\"inLanguage\":\"en-US\",\"@id\":\"https:\/\/m-l-services.fr\/#primaryimage\",\"url\":\"https:\/\/m-l-services.fr\/wp-content\/uploads\/2025\/07\/ML-services.jpg\",\"contentUrl\":\"https:\/\/m-l-services.fr\/wp-content\/uploads\/2025\/07\/ML-services.jpg\",\"width\":2530,\"height\":2422},{\"@type\":\"WebSite\",\"@id\":\"http:\/\/m-l-services.fr\/#website\",\"url\":\"http:\/\/m-l-services.fr\/\",\"name\":\"MLServices\",\"description\":\"R\u00e9activit\u00e9 assur\u00e9e, services ma\u00eetris\u00e9s\",\"publisher\":{\"@id\":\"http:\/\/m-l-services.fr\/#organization\"},\"potentialAction\":[{\"@type\":\"SearchAction\",\"target\":{\"@type\":\"EntryPoint\",\"urlTemplate\":\"http:\/\/m-l-services.fr\/?s={search_term_string}\"},\"query-input\":\"required name=search_term_string\"}],\"inLanguage\":\"en-US\"},{\"@type\":\"Organization\",\"@id\":\"http:\/\/m-l-services.fr\/#organization\",\"name\":\"MLServices\",\"url\":\"http:\/\/m-l-services.fr\/\",\"logo\":{\"@type\":\"ImageObject\",\"inLanguage\":\"en-US\",\"@id\":\"http:\/\/m-l-services.fr\/#\/schema\/logo\/image\/\",\"url\":\"https:\/\/m-l-services.fr\/wp-content\/uploads\/2024\/01\/cropped-cropped-ML-SERVICES.png\",\"contentUrl\":\"https:\/\/m-l-services.fr\/wp-content\/uploads\/2024\/01\/cropped-cropped-ML-SERVICES.png\",\"width\":240,\"height\":240,\"caption\":\"MLServices\"},\"image\":{\"@id\":\"http:\/\/m-l-services.fr\/#\/schema\/logo\/image\/\"}}]}<\/script>\n<!-- \/ Yoast SEO plugin. -->","yoast_head_json":{"title":"Maintenance & R\u00e9paration Manutention BTP en Sarthe (72) | MLServices","description":"Vente, r\u00e9paration et location de mat\u00e9riel professionnel BTP, manutention, nettoyage et outillage en Sarthe. ML Services : expertise, service rapide.","robots":{"index":"index","follow":"follow","max-snippet":"max-snippet:-1","max-image-preview":"max-image-preview:large","max-video-preview":"max-video-preview:-1"},"canonical":"https:\/\/m-l-services.fr\/","og_locale":"en_US","og_type":"article","og_title":"Maintenance & R\u00e9paration Manutention BTP en Sarthe (72) | MLServices","og_description":"Vente, r\u00e9paration et location de mat\u00e9riel professionnel BTP, manutention, nettoyage et outillage en Sarthe. ML Services : expertise, service rapide.","og_url":"https:\/\/m-l-services.fr\/","og_site_name":"MLServices","article_modified_time":"2026-01-30T17:57:22+00:00","og_image":[{"url":"http:\/\/m-l-services.fr\/wp-content\/uploads\/2025\/07\/ML-services-1024x980.jpg"}],"twitter_card":"summary_large_image","twitter_misc":{"Est. reading time":"2 minutes"},"schema":{"@context":"https:\/\/schema.org","@graph":[{"@type":"WebPage","@id":"https:\/\/m-l-services.fr\/","url":"https:\/\/m-l-services.fr\/","name":"Maintenance & R\u00e9paration Manutention BTP en Sarthe (72) | MLServices","isPartOf":{"@id":"http:\/\/m-l-services.fr\/#website"},"primaryImageOfPage":{"@id":"https:\/\/m-l-services.fr\/#primaryimage"},"image":{"@id":"https:\/\/m-l-services.fr\/#primaryimage"},"thumbnailUrl":"http:\/\/m-l-services.fr\/wp-content\/uploads\/2025\/07\/ML-services-1024x980.jpg","datePublished":"2024-01-20T09:26:09+00:00","dateModified":"2026-01-30T17:57:22+00:00","description":"Vente, r\u00e9paration et location de mat\u00e9riel professionnel BTP, manutention, nettoyage et outillage en Sarthe. ML Services : expertise, service rapide.","inLanguage":"en-US","potentialAction":[{"@type":"ReadAction","target":["https:\/\/m-l-services.fr\/"]}]},{"@type":"ImageObject","inLanguage":"en-US","@id":"https:\/\/m-l-services.fr\/#primaryimage","url":"https:\/\/m-l-services.fr\/wp-content\/uploads\/2025\/07\/ML-services.jpg","contentUrl":"https:\/\/m-l-services.fr\/wp-content\/uploads\/2025\/07\/ML-services.jpg","width":2530,"height":2422},{"@type":"WebSite","@id":"http:\/\/m-l-services.fr\/#website","url":"http:\/\/m-l-services.fr\/","name":"MLServices","description":"R\u00e9activit\u00e9 assur\u00e9e, services ma\u00eetris\u00e9s","publisher":{"@id":"http:\/\/m-l-services.fr\/#organization"},"potentialAction":[{"@type":"SearchAction","target":{"@type":"EntryPoint","urlTemplate":"http:\/\/m-l-services.fr\/?s={search_term_string}"},"query-input":"required name=search_term_string"}],"inLanguage":"en-US"},{"@type":"Organization","@id":"http:\/\/m-l-services.fr\/#organization","name":"MLServices","url":"http:\/\/m-l-services.fr\/","logo":{"@type":"ImageObject","inLanguage":"en-US","@id":"http:\/\/m-l-services.fr\/#\/schema\/logo\/image\/","url":"https:\/\/m-l-services.fr\/wp-content\/uploads\/2024\/01\/cropped-cropped-ML-SERVICES.png","contentUrl":"https:\/\/m-l-services.fr\/wp-content\/uploads\/2024\/01\/cropped-cropped-ML-SERVICES.png","width":240,"height":240,"caption":"MLServices"},"image":{"@id":"http:\/\/m-l-services.fr\/#\/schema\/logo\/image\/"}}]}},"_links":{"self":[{"href":"https:\/\/m-l-services.fr\/index.php\/wp-json\/wp\/v2\/pages\/23","targetHints":{"allow":["GET"]}}],"collection":[{"href":"https:\/\/m-l-services.fr\/index.php\/wp-json\/wp\/v2\/pages"}],"about":[{"href":"https:\/\/m-l-services.fr\/index.php\/wp-json\/wp\/v2\/types\/page"}],"author":[{"embeddable":true,"href":"https:\/\/m-l-services.fr\/index.php\/wp-json\/wp\/v2\/users\/2"}],"replies":[{"embeddable":true,"href":"https:\/\/m-l-services.fr\/index.php\/wp-json\/wp\/v2\/comments?post=23"}],"version-history":[{"count":29,"href":"https:\/\/m-l-services.fr\/index.php\/wp-json\/wp\/v2\/pages\/23\/revisions"}],"predecessor-version":[{"id":410,"href":"https:\/\/m-l-services.fr\/index.php\/wp-json\/wp\/v2\/pages\/23\/revisions\/410"}],"wp:attachment":[{"href":"https:\/\/m-l-services.fr\/index.php\/wp-json\/wp\/v2\/media?parent=23"}],"curies":[{"name":"wp","href":"https:\/\/api.w.org\/{rel}","templated":true}]}}